{"id":41,"date":"2025-05-20T13:23:16","date_gmt":"2025-05-20T13:23:16","guid":{"rendered":"https:\/\/traces-anr-fns.imag.fr\/?page_id=41"},"modified":"2025-12-03T09:57:09","modified_gmt":"2025-12-03T09:57:09","slug":"41-2","status":"publish","type":"page","link":"https:\/\/traces-anr-fns.imag.fr\/index.php\/41-2\/","title":{"rendered":"Consortium and Members"},"content":{"rendered":"\n<h3 class=\"wp-block-heading has-text-color has-link-color wp-elements-2ead289885e4663ffe661b43631c206a\" style=\"color:#a51da5\"><strong>Scientific Coordinators of the TRACES Project<\/strong><\/h3>\n\n\n\n<ul class=\"wp-block-list\">\n<li class=\"has-text-color has-link-color wp-elements-b11f7cdb183231624e0d7c2ca8592eae\" style=\"color:#1e1bd8\"><strong>French scientific coordinator: <a href=\"https:\/\/lig-membres.imag.fr\/gensel\/\"><em>J\u00e9r\u00f4me Gensel<\/em><\/a><br>J\u00e9r\u00f4me Gensel is a full-professor in Computer Science since 2007 at the Universit\u00e9 Grenoble Alpes (UGA). He is a member of the LIG (Grenoble Computer Science Laboratory), where he led the Steamer research team from 2010 to 2014 (about twenty members then).\u00a0 With an extensive research experience in artificial intelligence, knowledge representation and constraint programming, he conducts research on spatial and temporal information systems and in geomatics (or geographic information science). His research is mainly applied to the fields of land use planning and natural hazard prevention. He has supervised 16 doctoral theses. Three of his most recent theses are related to the proposed project. He has been the coordinator of a dozen European and international research projects, notably in the framework of the European Commission\u2019s ESPON programme, dedicated to spatial planning and environment themes. He was director of the CNRS MAGIS French national research group on spatial information and geomatics from 2013 to 2016.<\/strong><\/li>\n\n\n\n<li class=\"has-text-color has-link-color wp-elements-2038c502d936a06ee159992e53317f2f\" style=\"color:#1e1bd8\"><strong>Swiss scientific coordinator:<\/strong> <strong><a href=\"https:\/\/www.unige.ch\/gedt\/membres\/dao\/\"><em>Hy Dao<\/em><\/a><br><\/strong> Hy Dao is Adjunct Professor at the University of Geneva and Head of Unit at UNEP\/GRID-Geneva. He holds a post-graduate diploma from the International Institute for Aerospace Surveys and Earth Sciences (ITC, Enschede, The Netherlands) and a PhD in human geography from the University of Geneva. He was leader and expert in several EU and Swiss funded projects on data and indicators of territorial cohesion and environmental situation. He led several studies on Planetary Boundaries at the Swiss, European and global levels. He contributed to the risk analysis in the UNISDR Global Assessment Report series. He recently was responsible of the University of Geneva team in the H2020 PLACARD project \u2013 PLAtform for Climate Adaptation and Risk reduction.<\/li>\n<\/ul>\n\n\n\n<h3 class=\"wp-block-heading has-text-color has-link-color wp-elements-0d001aadf34dc2fd09076035908f6312\" style=\"color:#a51da5\">Institutions and Other Members of the TRACES Project<\/h3>\n\n\n\n<p class=\"has-text-color has-link-color wp-elements-8e49927a67591614cc988ad75ae3103e\" style=\"color:#1e1bd8\">4 research teams are involved in the TRACES Project. The partners form a multidisciplinary consortium of researchers confirmed in Computer Science in the three fields of AI addressed (Knowledge Representation, Machine Learning, Multi-Agent System), and in geography and geomatics, in the processing of geographical information, particularly in the production and management of statistical and environmental data. The consortium brings together a great deal of expertise in various technologies (semantic web, machine learning, multi-agent systems, environmental databases, use and analysis of satellite images, etc.) which will be used to build the proposed processing chain. Some of these researchers have already worked together in national or European projects or for PhD supervision on related subjects, but all of them are gathered for the first time around this ambitious project. The partners have to their credit numerous robust and widely used IT projects. Although mainly made up of computer scientists, the consortium has a good knowledge of environmental issues and practices or policies at different territorial levels (municipalities, metropolitan areas, cantons, departments, State, Europe). Finally, the geographical proximity of the partners appears to be an asset, and motivates in particular the choice of environmental trajectories allowing comparative analysis to be carried out on the border regions between France and Switzerland.<\/p>\n\n\n\n<ul class=\"wp-block-list\">\n<li class=\"has-text-color has-link-color wp-elements-f563e2f788b5aba19b3ed8e655c7e903\" style=\"color:#1e1bd8\"><strong>Universit\u00e9 Grenoble Alpes (<a href=\"https:\/\/www.univ-grenoble-alpes.fr\/\">UGA<\/a>) \u2013 Grenoble Computer Science Laboratory (<a href=\"https:\/\/www.liglab.fr\/\">LIG)<\/a> \/ <a href=\"http:\/\/steamer.imag.fr\/\">STeamer<\/a>.<\/strong> STeamer* is a research group in Computer Science which leads research in Geographic Information Science, focusing on the spatial and temporal dimensions of data. Research studies of STeamer focus on collecting, modelling, querying, reasoning and visualizing spatial and temporal data, in particular using Semantic Web languages and technologies. STeamer has led or been involved in many funded scientific projects at the national, European and international levels.<br>Members of UGA\/LIG\/STeamer involved in the TRACES Project:\n<ul class=\"wp-block-list\">\n<li><a href=\"https:\/\/lig-membres.imag.fr\/villanov\/fr\/accueil\/\"><em><strong>Marl\u00e8ne Villanova-Oliver<\/strong> <\/em><\/a>is an Assistant Professor in Computer Science at UGA. She\u2019s the leader of the STeamer research group. Her research interests and skills concern spatiotemporal information modelling, visualization and reasoning.<\/li>\n\n\n\n<li><a href=\"https:\/\/lig-membres.imag.fr\/bernardc\/\"><em><strong>Camille Bernard<\/strong><\/em><\/a> is an Assistant Professor in Computer Science at UGA. Her PhD Thesis defended in 2019 dealt with the evolution of administrative divisions and their immersion in the semantic Web using KGs.<\/li>\n\n\n\n<li><a href=\"https:\/\/lig-membres.imag.fr\/pdavoine\/\"><em><strong>Paule-Annick Davoine<\/strong><\/em><\/a> is a Full-Professor in Geography at UGA. She graduated in Computer Science and geographical information sciences. Her research interests and competencies are in spatiotemporal visualization, dynamic cartography and interfaces.<\/li>\n\n\n\n<li><a href=\"http:\/\/steamer.imag.fr\/?page_id=40\"><em><strong>Philippe Genoud<\/strong><\/em><\/a> is an Assistant Professor in Computer Science at UGA. His research interests and skills are in the Semantic Web, programming tools and technologies.<\/li>\n\n\n\n<li><a href=\"https:\/\/steamer.imag.fr\/?page_id=49\"><em><strong>Danielle Zi\u00e9belin<\/strong><\/em><\/a> is a Full-Professor in Computer Science at UGA. Her research interests and expertise are in AI fields of knowledge representation and reasoning.<\/li>\n\n\n\n<li><em><strong><a href=\"https:\/\/danielafe7-personal.github.io\/Homepage\/index.html\">Daniela Milon Flor\u00e8s<\/a> <\/strong><\/em>is a PhD student under the supervision of Pr. J\u00e9r\u00f4me Gensel, Dr. Gregory Giuliani, and Dr. Camille Bernard. Her PhD topic deals with the coupling of Web Semantic and Machine Learning approachees for the modeling and analysis of Semantic Environmental Trajectories of Territories<\/li>\n\n\n\n<li><em>Arthur Louis<\/em> is working on the TRACES project first as a intership student and then as an engineer in charge of developping the TRACES-viz prototype<br><\/li>\n<\/ul>\n<\/li>\n\n\n\n<li class=\"has-text-color has-link-color wp-elements-64d6f2e7394824ee7c38b260060e2f05\" style=\"color:#1e1bd8\"><strong>University of Geneva (<a href=\"https:\/\/www.unige.ch\/\">Unige<\/a>) \u2013 Centre Universitaire d\u2019Informatique (<a href=\"https:\/\/cui.unige.ch\/fr\/\">CUI<\/a>) <\/strong>is an interfaculty center for research and teaching in Computer Science, Information Systems and Informatics Linguistics. As relevant for TRACES, CUI develops state of the art scientific knowledge in ontologies, context-aware systems, machine learning, and agent-based systems. Established in 1976, CUI has a long experience of competitive research projects funded by various research agencies (among others SNF, H2020, COST, Innosuisse, etc.).<br>Members of Unige\/CUI involved in the TRACES Project:<br><\/li>\n\n\n\n<li class=\"has-text-color has-link-color wp-elements-6b83b258584f2f1a9eb690d52b578a7f\" style=\"color:#1e1bd8\"><strong>University of Geneva (<a href=\"https:\/\/www.unige.ch\/\">Unige<\/a>) \u2013<\/strong> <strong>Institute for Environmental Sciences (<a href=\"https:\/\/www.unige.ch\/environnement\/fr\/\">ISE<\/a>)<\/strong> is an inter-faculty entity of the University of&nbsp;Geneva that undertakes research and teaching activities in the numerous inter-connected domains of the environment, such as climate, water, biodiversity, health, energy, urban ecology, environmental governance and territorial development. ISE is specialized in performing spatially-explicit modelling, by handling and analysing spatial and statistical data on environmental and natural resource issues through Geographic Information Systems (GIS) and remotely-sensed imagery. The team also specialized in down-scaling and upscaling of environmental data and indicators, and in developing geocomputation workflows with distributed computing infrastructures linked to spatial data infrastructures, using international (meta)data standards (<em>e.g.,<\/em> ISO, OGC) and initiatives (<em>e.g.,<\/em> GEOSS, INSPIRE). Capacity building on Spatial Data Infrastructures (SDI), Open Data Cube (ODC) and GEOSS- related issues is also a key asset of the team.<br>Members of Unige\/ISE involved in the TRACES Project:\n<ul class=\"wp-block-list\">\n<li><a href=\"https:\/\/www.unige.ch\/envirospace\/people\/giuliani\"><em><strong>Gregory Giuliani<\/strong><\/em>,<\/a> a Senior Lecturer at the University of Geneva, is a geologist and environmental scientist who specializes in Geographical Information Systems analysis and Spatial Data Infrastructures (SDI). He also works at GRID-Geneva of the United Nations Environment Programme since 2001, where he was previously the focal point for SDI. He is currently the Head of the Digital Earth Unit and Swiss Data Cube project leader. His research focuses on Land Change Science and how Earth observations can be used to monitor and assess environmental changes and support sustainable development.<\/li>\n\n\n\n<li><a href=\"https:\/\/www.unige.ch\/envirospace\/people\/denisa-rodila\"><em><strong>Denisa Rodila<\/strong><\/em><\/a> is a Scientific Collaborator in the Swiss Data Cube project and works on algorithms regarding integration of satellite and non-satellite sources, and on management of large-scale data sets. She is involved in the parallelization and performance improvement of the Swiss Data Cube project, while making use of High-Performance Computing technologies.<\/li>\n\n\n\n<li><a href=\"https:\/\/www.researchgate.net\/profile\/Bruno-Chatenoux\"><em><strong>Bruno Chatenoux<\/strong><\/em>\u00a0<\/a>is a civil-engineer and geologist specialized in GIS in environmental sciences. He has been involved in various projects and also worked as a consultant for the Small Arms Survey (SHBA project), and as a GIS advisor for the French Red Cross. He is currently the Data Analyst of the Swiss Data Cube (<a href=\"http:\/\/www.swissdatacube.ch\/\">http:\/\/www.swissdatacube.ch<\/a>)<br><\/li>\n<\/ul>\n<\/li>\n\n\n\n<li class=\"has-text-color has-link-color wp-elements-79541af3d22d33b74c30443e4d8f0f31\" style=\"color:#1e1bd8\"><strong>Universit\u00e9 de Bourgogne (<a href=\"https:\/\/www.u-bourgogne.fr\/\">UB<\/a>) \u2013 Burgundy Computer Science Laboratory (<a href=\"https:\/\/lib.u-bourgogne.fr\/\">LIB<\/a>)<\/strong> is a research laboratory developing and structuring research on three major topics: Geometric Modelling, Combinatorics and networks, Data Science. This partner institution, made up of members of the Data Science research team, brings its experience in knowledge modelling, knowledge enrichment, knowledge evolution, spatiotemporal and trajectories modelling, dynamics ontologies, large-scale data storage solution.<br>Members of UB\/LIB involved in the TRACES Project:\n<ul class=\"wp-block-list\">\n<li><a href=\"https:\/\/christophe-cruz.fr\/\"><em><strong>Christophe Cruz<\/strong><\/em> <\/a>is a Full-Professor in Computer Science. His research interests are knowledge modelling, knowledge enrichment and spatiotemporal trajectory modelling. He developed expertise and research projects on agent knowledge modelling and spatiotemporal trajectory insight.<\/li>\n\n\n\n<li><a href=\"https:\/\/lib.u-bourgogne.fr\/equipe\/cherifi-hocine\"><em><strong>Hocine Cherifi<\/strong><\/em><\/a> is a Full-Professor in Computer Science.&nbsp; His primary work and research interests are in the areas of Hypergraph and Network Science.<\/li>\n\n\n\n<li><a href=\"https:\/\/lib.u-bourgogne.fr\/equipe\/leclercq-eric\"><em><strong>Eric Leclerq<\/strong><\/em><\/a> is an Associate Professor in Computer Science. His research work concerns the definition of models to link data, knowledge and analysis tools, and multi-paradigm models and polyglot storage system (or polystore) to deal with the variability of large-scale data.<\/li>\n\n\n\n<li><em><strong><a href=\"https:\/\/lib.u-bourgogne.fr\/equipe\/muhammad-arslan\">Muhammad Arslan<\/a><\/strong><\/em> is working as a Research Engineer at the Laboratoire d\u2019Informatique de Bourgogne (LIB) of University of Bourgogne with the collaboration of the French company FirstECO under the project of France Relance. His works are mainly centered on semantic enrichment of trajectories for safety applications, and knowledge modeling along with text processing methods to improve business text classifications.<\/li>\n\n\n\n<li><em>Samir Jabbar<\/em> is working in the TRACES projects as an AI engineer and is in charge of developping an AI chain of agents to build environnemental ontologies.<\/li>\n<\/ul>\n<\/li>\n<\/ul>\n\n\n\n<p class=\"has-text-color has-link-color wp-elements-51672e3784a21de43f8e683499fce391\" style=\"color:#1e1bd8\">*STeamer LIG&#8217;s research group became the <a href=\"https:\/\/lig-stories.imag.fr\/\">stories <\/a>LIG&#8221;s research group in January 2025<\/p>\n","protected":false},"excerpt":{"rendered":"<p>Scientific Coordinators of the TRACES Project Institutions and Other Members of the TRACES Project 4 research teams are involved in the TRACES Project. The partners form a multidisciplinary consortium of researchers confirmed in Computer Science in the three fields of AI addressed (Knowledge Representation, Machine Learning, Multi-Agent System), and in geography and geomatics, in the [&hellip;]<\/p>\n","protected":false},"author":2,"featured_media":0,"parent":0,"menu_order":0,"comment_status":"closed","ping_status":"closed","template":"","meta":{"footnotes":""},"class_list":["post-41","page","type-page","status-publish","hentry"],"_links":{"self":[{"href":"https:\/\/traces-anr-fns.imag.fr\/index.php\/wp-json\/wp\/v2\/pages\/41","targetHints":{"allow":["GET"]}}],"collection":[{"href":"https:\/\/traces-anr-fns.imag.fr\/index.php\/wp-json\/wp\/v2\/pages"}],"about":[{"href":"https:\/\/traces-anr-fns.imag.fr\/index.php\/wp-json\/wp\/v2\/types\/page"}],"author":[{"embeddable":true,"href":"https:\/\/traces-anr-fns.imag.fr\/index.php\/wp-json\/wp\/v2\/users\/2"}],"replies":[{"embeddable":true,"href":"https:\/\/traces-anr-fns.imag.fr\/index.php\/wp-json\/wp\/v2\/comments?post=41"}],"version-history":[{"count":8,"href":"https:\/\/traces-anr-fns.imag.fr\/index.php\/wp-json\/wp\/v2\/pages\/41\/revisions"}],"predecessor-version":[{"id":160,"href":"https:\/\/traces-anr-fns.imag.fr\/index.php\/wp-json\/wp\/v2\/pages\/41\/revisions\/160"}],"wp:attachment":[{"href":"https:\/\/traces-anr-fns.imag.fr\/index.php\/wp-json\/wp\/v2\/media?parent=41"}],"curies":[{"name":"wp","href":"https:\/\/api.w.org\/{rel}","templated":true}]}}